2 - 107*j - 1740. Let v be z(-83). Let w(o) = o + 12. Let i be w(0). Calculate the highest common factor of v and i.
12
Let c = 1414 - 1110. What is the highest common divisor of 8 and c?
8
Suppose -4*y + 23*z + 346 = 24*z, 5*y - 441 = 3*z. Suppose -48 = -4*o + 9*n - 13*n, 5*o - y = 4*n. What is the highest common factor of 80 and o?
5
Suppose -4*z + 3*x - 17 = -8*z, -4*x + 18 = 3*z. Let v be (22 - -41)*(z - 0). What is the highest common divisor of v and 168?
42
Let z(f) be the first derivative of f**3/3 + 14*f**2 + 124*f - 113. Let m be z(-23). Calculate the greatest common divisor of m and 279.
9
Let z be 979506/(-1071)*(-231)/9. Calculate the highest common factor of z and 194.
194
Suppose 0 = -5*r + 35 + 5. Suppose -2*z + 3 = -5. Suppose 5*m + 33 = 4*s - 2*s, -2*s + z*m = -36. Calculate the highest common divisor of r and s.
8
Let o be ((-9)/6)/(1 - (-27)/(-18)). Suppose 3*x + 19 = 7*x + p, -p = -o*x + 9. What is the highest common factor of x and 256?
4
Suppose -2*r - 59 = -4*r - 5*p, -5*r + 4*p + 197 = 0. Suppose 0 = 4*v - 5 + r. Let f be 20*(8 - (-4 - v)). Calculate the greatest common factor of 32 and f.
16
Let p be 224826/154 - (-5)/55. What is the greatest common factor of p and 220?
20
Let k be ((2030/25)/7)/(28/70). What is the greatest common divisor of 1 and k?
1
Let y be 12*(-2)/(-84)*49. Calculate the greatest common factor of y and 1946.
14
Let x = 736 - 671. Let f(h) = h**2 + 5*h - 9. Let r be f(-5). Let y(u) = -u**2 - 11*u - 5. Let k be y(r). Calculate the greatest common factor of x and k.
13
Let j = -5080 + 5152. Calculate the greatest common divisor of 944 and j.
8
Suppose -5*y - 5*u + 55 = 0, 8*u - 5*u = 3*y - 27. Suppose -22*k + 504 = -y*k. What is the highest common factor of k and 420?
42
Let m be (1*169 - -2)/((-154)/28 - -7). What is the highest common divisor of 24 and m?
6
Suppose 11 + 185 = -4*z. Let k = 86 + z. Calculate the greatest common divisor of k and 37.
37
Let o(s) = s**2 + 19*s + 102. Let c(n) = n**2 + 19*n + 104. Let u(a) = 6*c(a) - 5*o(a). Let w be u(-17). Calculate the highest common factor of w and 64.
16
Suppose -4*i - 4*k + 1110 + 2726 = 0, 0 = -5*i + k + 4837. Calculate the highest common factor of 462 and i.
42
Let r(m) = 26*m - 2670. Let q be r(105). What is the highest common factor of 20260 and q?
20
Let a(b) = 5*b + 23. Let w = 2 + -18. Let j be a(w). Let y = -35 - j. Calculate the highest common factor of 22 and y.
22
Let a(u) = -8*u**2 + 1 + 2*u**2 - 5 + 8*u**3 + u + 0*u**3. Let b be a(4). Calculate the highest common divisor of b and 26.
26
Suppose 2*f - 115 = 5*s, -s + 6*s + f + 100 = 0. Let j = s - -126. Let k = 98 + -63. What is the highest common divisor of k and j?
35
Let q be (-510)/15 - -45 - (4 + -1 - 335). Suppose 7*a - 3*a = 84. Calculate the greatest common divisor of a and q.
7
Let w = -1582 - -1620. Calculate the greatest common divisor of 1767 and w.
19
Let s(o) = -94*o**3 - 5*o**2 + 9*o + 10. Let x be s(-1). What is the greatest common factor of 63 and x?
9
Suppose -11*r = 4*r - 75. Suppose 5*x + 3 + 2 = 0, f + r*x = 190. Calculate the greatest common factor of 30 and f.
15
Suppose -315*r + 4546 + 134 = -291*r. What is the highest common factor of 27 and r?
3
Let x = -295 + 878. Calculate the greatest common divisor of 53 and x.
53
Let x = 49 - -17. Suppose 0 = 5*b, -7*s + 4 = -8*s + 5*b. Let u be 103 - s - 3 - 5. Calculate the greatest common factor of u and x.
33
Let t(v) = -175*v + 2148. Let l be t(12). Suppose -4*b + 72 = -48. Suppose -3*y - b = -8*y. Calculate the greatest common factor of l and y.
6
Let u(q) = -9*q**3 - 6*q**2 + 89*q + 652. Let t be u(-7). Calculate the greatest common divisor of t and 166.
166
Let c(f) = -23*f**3 - 2*f**2 - f - 4. Let d be c(-4). Suppose 0*m = 10*m - d. Calculate the greatest common divisor of m and 16.
16
Suppose 0 = -5*r - t + 175, -4*r + 3*t + 47 = -74. Suppose -v + 596 = x, -444*x - 4*v - 1781 = -447*x. What is the highest common divisor of x and r?
17
Let l(a) = 4*a + 12. Let u = -25 - -16. Let p be l(u). Let m = -22 - p. Calculate the highest common divisor of 6 and m.
2
Suppose 11*h + 6*h = 14756. Suppose x + 3*x - h = -n, 0 = -2*x - n + 436. Calculate the highest common factor of x and 24.
24
Let z(p) = -2*p**3 + 104*p + 494. Let b be z(-6). What is the highest common factor of b and 7097?
151
Suppose 0 = -119*g + 87*g + 1696 - 608. What is the greatest common divisor of g and 266?
2
Suppose u - 940 = -p, -122*p - 3*u = -118*p - 3756. What is the greatest common factor of 832 and p?
104
Suppose -3*u + 30 = 4*x, -47*x + 48*x - 3 = 0. What is the greatest common divisor of u and 1334?
2
Let p(c) = -8*c**2 + 10*c - 8. Let y be p(1). Let v be 504/(-28)*(-15)/y*-1. Calculate the greatest common factor of v and 240.
15
Let t be 232/40 + (-2 - 11/(-5)). Calculate the highest common factor of 978 and t.
6
Suppose -10*o - 3302 = -4422. Calculate the greatest common factor of o and 488.
8
Let y(o) = -2*o + 1. Let q(i) = 27*i + 24. Let k(u) = q(u) + 12*y(u). Let d be k(10). Calculate the highest common factor of d and 6.
6
Let y be (-94)/141 - (47/(-3) + -2). Let a = -182 - -505. What is the greatest common divisor of y and a?
17
Let s be (18/(-4))/(23/(-552)). What is the greatest common factor of 2088 and s?
36
Let d be (88/50)/((-72)/180)*-5. Calculate the greatest common divisor of 28 and d.
2
Suppose 0 = -2*q - f + 38, 676*q - 4*f - 16 = 672*q. Suppose 0 = -5*n + 413 + 3717. Calculate the greatest common factor of q and n.
14
Let g be (-63)/(-15) + (-10)/50. Suppose -2*z = -g*v + 18, 0 = -v + 4*z + 12 - 4. Calculate the greatest common factor of v and 1.
1
Suppose -2*d = -j + 54, 99 = 2*j - 3*d + 2*d. Let w = j - 37. Suppose -x = -0*x - w. Calculate the highest common divisor of 33 and x.
11
Let s be (-7)/14*(-35)/(105/4716). Calculate the highest common factor of 12 and s.
6
Let u = 12 + 8. Suppose 2*i - 322 = u. Suppose 3*k = -2*a + i, 2*k = 2*a - 90 - 56. What is the highest common factor of 117 and a?
39
Let v = -899 + -29. Let w be 4 - (v/32 + (-1 - -3)). What is the highest common divisor of w and 248?
31
Let v(h) = -26*h**2 - 676*h - 14. Let n be v(-25). Calculate the highest common factor of 3 and n.
3
Let g = -289 + 310. Suppose g*s - 1934 = 1615. Calculate the highest common divisor of 39 and s.
13
Suppose 116*d = -2676 + 28312. Calculate the highest common factor of 26 and d.
13
Suppose -6*d + d + 75 = 0. Suppose -a + 4*r + 7 = 0, -7*r = a - 4*r - 21. Suppose -8*v + a*v = 42. What is the highest common factor of v and d?
3
Let c(n) = -38*n + 5. Let d be c(3). Let f = d - -245. Suppose -3*x + f = 1. What is the highest common factor of 15 and x?
15
Suppose -k - 82 = 7*k + 70. Suppose 0 = h + 2*x - 77 + 13, 2*x = -4*h + 256. Let w = k + h. Calculate the greatest common factor of w and 18.
9
Suppose -75*n - 27600 + 37833 = -128217. What is the highest common factor of n and 26?
26
Let u be 3 - (616/(-52) - 42/273). What is the greatest common factor of 2445 and u?
15
Suppose 2*a - 1 = -5*q + 13, 2*a - 2 = q. Suppose 4*r + a = 6*r, -84 = -5*l + r. What is the greatest common factor of 119 and l?
17
Suppose 0 = 5*c - 3*v - 446, -32*c + 33*c - 97 = -2*v. Calculate the greatest common factor of c and 4459.
91
Let l = 7 - -2. Let a = l + -7. Suppose 4*x = -5*n + 74, 3*x - 2 - 29 = -a*n. Calculate the greatest common divisor of 70 and n.
14
Let a = 29 - 28. Let q be a*6/4*(-20)/(-6). Suppose -q*u = -5*f - 205, -3*u + 62 + 66 = -4*f. What is the highest common factor of u and 9?
9
Let l(a) = -6*a + 282. Let i be l(-31). What is the greatest common factor of i and 8?
4
Suppose -2 = -12*a + 14*a, 0 = -5*i - a + 759. What is the greatest common factor of i and 836?
76
Suppose -98*o - 2*t + 20 = -97*o, 3*o = -t + 65. Calculate the highest common divisor of 429 and o.
11
Let u(l) = 3*l**2 + 17*l - 36. Let j be u(-8). What is the greatest common factor of 14660 and j?
20
Suppose w - 5*j = 81, -7*w - 73 = -8*w + 3*j. Calculate the highest common factor of w and 12139.
61
Let j be (-56942)/(-13) + -11*(-52)/(-3718). What is the greatest common divisor of j and 60?
60
Suppose 149*p = 125*p + 192. What is the greatest common divisor of 1208 and p?
8
Let a be 5 - (-28)/6*(-54)/(-63). Let f(b) = 16*b - 112. Let h be f(a). What is the gr